
-12
Let g(a) = a**3 + 2 - 3 - 5*a**2 + 5*a + a - 1. Let c(l) = -l**2 - 8*l + 4. Let k be c(-8). Give g(k).
6
Let z(r) = -r. Let a = -5 + -9. Let v = -9 - a. Suppose -3*m - v = -2. Give z(m).
1
Let i(r) = r**2 - 4*r - 1. Let x be i(3). Let g(n) = n + n**3 - 417*n**2 - 411*n**2 + 832*n**2. What is g(x)?
-4
Let y(v) = 0*v - 2*v - 2 + 3*v. Let q(l) = -3*l + 5. Let t(o) = 4*q(o) + 10*y(o). Determine t(-3).
6
Let j be -3*12/3*(-6)/36. Suppose 6 = -j*r + 8. Let x(y) = -21*y**3 - 2*y + 1. Determine x(r).
-22
Let x(a) = a**2 + 9*a - 15. Let z be x(-11). Let y be (3 + z)/5 - (-5 - -1). Let g(q) = q**3 - 5*q**2 - 6*q - 5. Calculate g(y).
-5
Let c(d) be the second derivative of -d**5/60 + d**4/12 - 11*d**3/6 + d. Let n(s) be the second derivative of c(s). What is n(4)?
-6
Suppose 0 = -3*y - 2*z - 14, -5*y + 3*z = -2 - 0. Let i be 50/20 - y/(-4). Let p(o) = o**2 + o - 2. Give p(i).
4
Suppose -v + 3*c - 2 = 2*c, 0 = -4*c + 8. Let b(k) = v*k + 15 + k - 5. Suppose 0 = 4*r + 9 + 11. What is b(r)?
5
Let x(s) = 12*s - 4*s - 4*s + 2 - 7*s. Calculate x(3).
-7
Let q(s) be the first derivative of -s**3/3 + s**2/2 + 2*s - 2. Let l = -38 + 44. Suppose 0*g - 2*g = -l*g. Determine q(g).
2
Let d(l) = 5*l**2 - 8*l**2 - 7*l**2 + 5*l**2 + 3*l**2 - 3*l. Give d(-3).
-9
Let r = -75 - -71. Suppose 0 = 3*q + 2 - 23. Let s(u) = q + u + 1 - 3. Calculate s(r).
1
Let m(f) = 26*f. Let q be 36/(-144)*3/((-6)/8). What is m(q)?
26
Let h(u) = 4*u + 26. Let s(t) = -t**2 + 2*t + 16. Let a(r) = -3*h(r) + 5*s(r). What is a(-2)?
-14
Suppose 0 = -3*s + 9, -4*q + 2*q - 4*s = 2. Let b(d) be the third derivative of d**4/24 + 3*d**3/2 + 616*d**2 + 1. Give b(q).
2
Let a(v) = v**3 - 5*v**2 + v. Let f be a(5). Let d(l) = 40*l - 3. Suppose 4*c + 24 = 7*c. Let h(z) = -27*z + 2. Let k(r) = c*h(r) + f*d(r). Calculate k(1).
-15
Let u(x) = 2*x**2 - 4. Let k(m) be the third derivative of -m**5/60 + m**4/24 + m**3/6 - 17*m**2. Let g(a) = 3*k(a) + u(a). Determine g(4).
-5
Suppose -30 = 12*l - 6*l. Let m(n) = 3 + n**2 - 5 + 0*n**2 + 3*n. Determine m(l).
8
Let q(r) = -r**2 + 6*r - 2. Let p be q(6). Let w(k) = 2*k**3 + 3*k**2 + k - 1. Give w(p).
-7
Suppose 5*h + 1 = -f + 9, 8 = h - 3*f. Let j(a) = -6*a**2 - 6*a**2 + 13*a**2 + h + 7*a. Let q be (-46)/10 - (-18)/(-45). Calculate j(q).
-8
Let o(w) = w - 2. Let i = 19 + -15. Suppose -12 = -i*k - 2*k. Determine o(k).
0
Let c(a) = -2*a**2 + 2*a - 1. Let r(b) = -3*b**2 + 17*b - 56. Let k(h) = c(h) - r(h). What is k(7)?
-1
Let t(r) = 6*r**2 - 14*r - 4 + 12*r - 5*r**2. Calculate t(5).
11
Let x(z) be the first derivative of z**6/360 - z**4/12 + 2*z**3/3 + 1. Let f(k) be the third derivative of x(k). Let a = -7 + 5. Give f(a).
2
Let r(i) = i**2 - 4*i - 4. Suppose -5*l = 3*n + 37, -4*n = 3*l - l + 26. Let t be -5*2/l - -3. Determine r(t).
1
Let c(w) be the third derivative of -w**6/120 + w**5/60 + w**4/24 - w**3/3 + w**2. Let t be -4*8*6/96. Determine c(t).
8
Suppose 0 = 3*n + 3*n - 66. Let d(j) = -j + 3. Calculate d(n).
-8
Let x(f) be the second derivative of 0 + 1/3*f**3 - 2*f + 3*f**2. Calculate x(-4).
-2
Let m(g) be the second derivative of -g**3/2 + 29*g**2/2 + 15*g - 6. Determine m(12).
-7
Let b(g) = -g**2 + 6*g - 5. Let y be 1377/17 + (1 - (-1 - 0)). Suppose 13*f - y + 18 = 0. Calculate b(f).
0
Let b(q) be the third derivative of -q**6/120 + 2*q**5/15 - q**4/4 - 5*q**3/6 - 3*q**2. Let u(c) = -c**3 - 28*c**2 - 53*c - 19. Let n be u(-26). Give b(n).
2
Let k(r) = -r**3 - 3*r - 6*r**2 + r + 3*r**2 + 4. Suppose 0 = 4*d - f - 13, d + 0*d - 4*f - 22 = 0. Suppose d*t + 6 = -0. Calculate k(t).
10
Let k = -16 + 12. Let w(u) = -4*u**2 + 4*u - 3. Let s(x) = -5*x**2 + 5*x - 2. Let m(y) = k*w(y) + 3*s(y). Let a be 0*((-14)/4)/(-7). Determine m(a).
6
Let z(p) = -48*p - 241. Let n(x) = 9*x + 48. Let f(r) = 11*n(r) + 2*z(r). Determine f(-18).
-8
Let o be (-3)/(-2) - (-45)/10. Let q(f) = -f**3 - 2*f**2. Let g(u) = 4*u**3 + 15*u**2 + 5*u + 2. Let c(l) = -g(l) - 5*q(l). What is c(o)?
4
Suppose -k - 5*z - 8 = 0, 2*z + 1 = -3*k - 23. Suppose 2*y - u + 0*u = 5, -1 = y + 3*u. Let g(j) = -5 + 0 - 2 - y*j + j. Calculate g(k).
1
Let s(b) = 10*b + 4*b - b**2 - 5*b + 2*b + b + 15. Determine s(13).
2
Suppose q - 3*q + 10 = o, -2 = -o. Let c(u) = u**2 + q - 2*u - 2 - 5*u**3 - 1. Calculate c(1).
-5
Let b = 522 + -548. Suppose 5*x + 5*f = -131 + 1, -f = 4*x + 95. Let o = x - b. Let s(n) = -3*n**2 + 3*n + 4. Give s(o).
-14
Let v(r) = r**3 - 14*r**2 - 4. Suppose 305*s - 302*s = 42. Determine v(s).
-4
Suppose -65 + 17 = -12*j. Let i(f) be the third derivative of f**5/60 - f**4/6 - 2*f**3/3 + 9*f**2. What is i(j)?
-4
Let v(a) = -9*a**2 - 5*a + 5. Let p(s) = 5*s**2 + 2*s - 3. Let t(u) = -7*p(u) - 4*v(u). Give t(-6).
1
Let m(p) = 5*p**2 - 12*p + 3. Let u(y) = y**2 - y - 1. Let j(n) = m(n) - 4*u(n). What is j(7)?
0
Let a(p) be the first derivative of p**2/2 + 8*p + 527. Determine a(-5).
3
Let p(c) = c**3 - c**2 + c - 9. Let g be (-1)/(-4) + (-3)/12. Suppose z + z = g. What is p(z)?
-9
Let t(w) = -w**2 - 3*w + 1. Let i be t(-4). Let m(z) = -z**3 - 4*z**2 - 7*z - 7. Let d be m(i). Let n(u) = -u**3 + 4*u**2 + 6. Give n(d).
-19
Let c(z) = -1 - 9*z - 2 + 2 + 4. Give c(-2).
21
Let s(c) = 2*c**3 + c**2 + 1. Let y(h) = 9*h**3 + 5*h**2 - 4*h + 8. Let p(x) = 4*s(x) - y(x). Calculate p(2).
-8
Let x(k) be the third derivative of k**4/12 + 2*k**3/3 + k**2. Let y = 823 + -827. Determine x(y).
-4
Let k(u) be the third derivative of u**4/8 + 32*u**3/3 - 19*u**2. Let d be k(-23). Let c(h) = -h**3 - 5*h**2 + 3*h + 7. Calculate c(d).
-8
Let v(g) = -g**3 + 5*g**2 + 8*g - 3. Let h be ((-216)/15)/(4/(-5) - -1). Let r be 14/2*h/(-84). Determine v(r).
9
Suppose -2*t + 4*r = 0, 2*r - 15 = -5*t - 3*r. Let u(x) = 2 - 3*x - 1 - 8*x - 2*x**2. Let j(d) = d**2 + 5*d. Let c(b) = t*u(b) + 5*j(b). Determine c(-3).
2
Let k(n) = -3*n - 19*n - n**3 - 5*n**2 + 24*n - 14. Give k(-6).
10
Let d(l) be the third derivative of 0*l - 46*l**2 + 0 - 1/24*l**4 - 1/3*l**3. Determine d(0).
-2
Let h(v) = v + 5. Let q = -20 + 22. Suppose -3*g - a = a + 10, 2*a + 6 = -q*g. Calculate h(g).
1
Let w(d) be the third derivative of 1/15*d**6 + 3*d**2 + 0*d**4 + 0*d - 1/60*d**5 - 4 + 1/6*d**3. Determine w(1).
8
Let j(f) = f**3 + 11*f**2 + 11*f + 10. Let g be j(-10). Let q(i) = -i**3 - 6. Determine q(g).
-6
Let a(r) be the first derivative of r**4/4 - r**3 - r**2/2 + r + 205. Suppose 0*t = l - 4*t - 19, -4*l + 5*t = -32. What is a(l)?
-2
Suppose 0 = s - 4*q + 9, 5*q + 10 = 128*s - 131*s. Let k(n) = n - 12 - 5*n + 3*n. Calculate k(s).
-7
Let c = 8 - 12. Let v be (-2)/c + (-7)/(-14). Let j(o) = -11*o**2 - 1 + 6*o**3 + 2*o - o + 12*o**2. Determine j(v).
7
Suppose -5*x = -4 - 6. Suppose c = x*w - 4, -3*c = 2*c - 2*w - 12. Let i(o) = c + 5*o + 0 + o - 2*o. Calculate i(-3).
-8
Let u(w) = -3*w + 2. Suppose 20*h - 17*h = -24. Let y = 5 + h. Calculate u(y).
11
Let n be 32/14 - (-4)/(-14). Let j(s) = -6*s**2 + 0 + 1 + 13*s**3 - 7*s**3 + 5*s**n. Suppose 0 = 7*m - 2*m - 5. Determine j(m).
6
Let x(y) = y**3 + 9*y**2 - 10*y + 3. Let i be 5*(-3 - 18*(-2)/20). Let q be i + (-425)/102 + 1/6. What is x(q)?
3
Let o(h) = -11*h**2 + 2*h + 1. Let u = -1083 + 1082. Give o(u).
-12
Let h(c) = 12*c - 4. Let u be (-2)/6*(-198)/22. What is h(u)?
32
Let n(g) = -21*g - 3. Let b(r) be the first derivative of 5*r**2/2 + r - 2. Let y(i) = 26*b(i) + 6*n(i). Calculate y(-6).
-16
Let y(f) = -f**2 - 4*f + 1. Suppose -6*b - 21 = -3. What is y(b)?
4
Let q(w) = 3*w**2 - 3*w - 3. Let n(i) = -11*i - 914. Let l be n(-83). Give q(l).
3
Let g(m) = m**2 - m - 17. Let d = 70 - 70. Determine g(d).
-17
Let q(u) = -2*u**2 - 2 + 2*u**3 - u**3 - 4*u - 3*u**2. Suppose -17*c = -49*c + 192. Give q(c).
10
Let q(b) be the third derivative of -b**4/24 - 11*b**3/6 + 434*b**2. Calculate q(4).
-15
Let c(f) = f**3 + 7*f**2 + 6*f - 6. Let j be 23/5 + 2/5. Suppose -2 + 12 = 5*k. Suppose -3*h - 3 = -j*w, k*h + 4*w - 12 = -36. Calculate c(h).
-6
Suppose -4*a + 27 = -5. Suppose -20 = a*r + 4. Let k(y) = -y - 5. What is k(r)?
-2
Let l(c) = c + 2. Let t be l(0). Let z(p) = p**2 + 11*p + 3. Let k be z(-11). Suppose d = k + t. Let u(m) = m**2 - 4*m - 2. What is u(d)?
3
Let d(g) be the third derivative of 15*g**2 + 1/12*g**4 - 1/6*g**3 + 0*g - 1/60*g**5 + 0. Determine d(2).
-1
Let w(p) = -2*p**2 - 3*p - 3. Let d be ((-48)/56)/(3/(